-3
Let z(d) = -d**2 - 467*d - 3222. Determine z(-7).
-2
Let i(j) = 3*j**3 - 33*j**2 + 23*j + 282. What is i(9)?
3
Let v(p) = -9*p**2 + 76*p + 284. Calculate v(10).
144
Let a(q) = 6811*q - 26797. Calculate a(4).
447
Let u(w) = -19960*w - 319162. Calculate u(-16).
198
Let q(j) = -2*j**2 + 1519*j - 281807. What is q(438)?
-173
Let u(k) = 1899*k**2 + 15191*k + 8. Calculate u(-8).
16
Let i(v) = -2*v**3 + v**2 + 175*v - 318. Determine i(0).
-318
Let t(n) = 22379*n + 760547. Calculate t(-34).
-339
Let i(z) = -1427*z - 1298. What is i(-2)?
1556
Let m(f) = 14*f**2 - 294982*f - 294982. Calculate m(-1).
14
Let a(m) = 6*m**3 + 92*m**2 + 266*m - 181. Determine a(-11).
39
Let t(z) = 3*z**2 + 5881*z + 46849. What is t(-8)?
-7
Let w(j) = 350*j + 5427. Determine w(-17).
-523
Let h(m) = -50*m**2 + 1082*m + 312. Give h(22).
-84
Let u(m) = 1266*m - 18022. Determine u(13).
-1564
Let x(r) = 10*r**2 - 549*r - 40706. Determine x(-42).
-8
Let r(x) = -5*x**2 - 387*x - 7229. Calculate r(-46).
-7
Let r(t) = t**3 - 16*t**2 - 143*t + 737. What is r(21)?
-61
Let f(o) = -5*o**3 - 46*o**2 + 35*o + 375. Determine f(-9).
-21
Let i(o) = -151*o**3 - 428*o**2 + 401*o + 28. Calculate i(1).
-150
Let h(a) = -46077*a + 276452. What is h(6)?
-10
Let d(j) = 3*j**2 - 109*j + 126. What is d(19)?
-862
Let x(n) = -1414*n - 1214. Determine x(5).
-8284
Let y(c) = -c**3 + 11*c**2 - 2062*c + 12203. Give y(6).
11
Let u(c) = -66*c**3 + 4*c**2 + 2*c - 4. Calculate u(-3).
1808
Let f(b) = 2650*b + 21366. What is f(-8)?
166
Let k(h) = -h**3 - 69*h**2 + 56*h + 766. What is k(-70)?
1746
Let i(f) = -f**2 - 125535*f - 251068. What is i(-2)?
-2
Let z(a) = a**2 + 36*a - 149. What is z(-49)?
488
Let s(r) = -4828*r**2 - 48297*r - 118. What is s(-10)?
52
Let f(c) = 692*c + 114601. Calculate f(-167).
-963
Let i(d) = 41448*d - 82378. Calculate i(2).
518
Let t(c) = 25*c**3 + 10*c**2 + 66*c + 62. Give t(-1).
-19
Let m(u) = -99*u**3 + 2*u**2 - 2724*u - 2724. Give m(-1).
101
Let k(l) = -l**3 - 189*l**2 - 388*l - 73357. Calculate k(-189).
-25
Let r(i) = i**2 - 88614*i + 531643. What is r(6)?
-5
Let u(a) = -2*a**3 + 28*a**2 + 110*a + 631. Determine u(18).
19
Let a(p) = 24*p**2 - 210*p - 1193. Give a(-6).
931
Let v(j) = -22*j**3 + 482*j**2 + 9*j - 180. Calculate v(22).
-950
Let s(j) = -j**3 + 1021*j**2 - 5410*j + 335272. Give s(1016).
-8
Let q(y) = 3*y**3 - 432*y**2 + 4009*y + 1487. What is q(134)?
13
Let k(l) = -l**3 - 64*l**2 - 29*l + 2002. What is k(-63)?
-140
Let i(d) = -8*d**2 - 1470*d - 10371. Determine i(-7).
-473
Let u(k) = -2*k**3 + 10*k**2 + 860*k - 4295. What is u(5)?
5
Let x(j) = 65367*j + 2353200. Determine x(-36).
-12
Let q(l) = l**3 + 70*l**2 - 33*l - 1653. Determine q(-70).
657
Let l(x) = 11*x**2 + 52*x - 2743. What is l(25)?
5432
Let z(y) = 1878*y - 11739. Determine z(6).
-471
Let d(y) = -3*y**2 + 1048*y + 934. Give d(0).
934
Let y(w) = -941845*w + 4709197. What is y(5)?
-28
Let z(y) = 473969*y - 1895866. Give z(4).
10
Let a(b) = -4*b**2 - 2923*b - 64430. What is a(-708)?
-2
Let f(q) = -q**3 + 162*q**2 - 2584*q - 17. Calculate f(18).
127
Let k(w) = -w**3 - 16*w**2 - 211*w - 842. Determine k(-5).
-62
Let i(b) = -59*b**3 + 81*b**2 + 157*b + 10. Calculate i(-3).
1861
Let y(u) = 3373*u - 1295225. What is y(384)?
7
Let q(t) = -4030*t + 36283. Calculate q(9).
13
Let n(j) = -474*j**2 + 2891*j - 232. Determine n(6).
50
Let s(a) = 3*a**2 + 77*a + 549. Determine s(-13).
55
Let z(y) = 2*y**3 - 22*y**2 - 299*y - 16. Determine z(19).
79
Let o(k) = -k**3 - 7*k**2 + 2202*k + 2579. Calculate o(-50).
-21
Let s(y) = 400426*y + 4404667. Determine s(-11).
-19
Let q(o) = -365*o + 21750. Give q(57).
945
Let v(s) = -s**3 + 328*s**2 - 1305*s + 45. Determine v(4).
9
Let u(c) = -c**3 + 444*c**2 - 6998*c - 111441. Give u(427).
6
Let t(a) = a**3 + 5872*a - 11739. Determine t(2).
13
Let r(g) = 115*g - 54600. Determine r(477).
255
Let q(z) = 9*z**2 + 98*z - 135. Give q(-13).
112
Let p(h) = -h**3 - 698*h**2 - 67864*h + 13214. Calculate p(-117).
-7
Let c(o) = -1071*o - 235986. What is c(-221)?
705
Let v(s) = 3*s**2 - 246*s - 375. Give v(80).
-855
Let f(i) = -8805*i - 193855. Determine f(-22).
-145
Let x(i) = -26333*i + 52735. What is x(2)?
69
Let i(k) = k**2 - 1219*k + 22805. Give i(19).
5
Let t(q) = 443*q - 25533. What is t(55)?
-1168
Let p(u) = u**3 - 40*u**2 - 399*u + 1146. What is p(48)?
426
Let y(w) = -303*w - 38848. Give y(-124).
-1276
Let g(o) = -2*o**3 + 319*o**2 - 165*o + 923. Determine g(159).
-31
Let l(x) = 10*x**2 - 9*x + 17. Give l(8).
585
Let i(f) = -2*f**3 + 18*f**2 - 157*f + 1806. Give i(10).
36
Let l(x) = -17*x**2 - 3527*x - 103710. What is l(-172)?
6
Let w(a) = -a**3 + 47*a**2 - 366*a - 57. Determine w(37).
91
Let n(r) = -89483*r - 984305. Calculate n(-11).
8
Let z(h) = -116931*h - 8652898. Give z(-74).
-4
Let t(u) = 1429*u - 89817. Give t(63).
210
Let o(x) = 404*x - 1940. Calculate o(5).
80
Let a(t) = -26*t**2 - 29*t - 263. What is a(-8)?
-1695
Let k(z) = -52*z**2 - 35*z - 62. What is k(-1)?
-79
Let l(i) = i**3 - 59*i**2 - 920*i - 21. Give l(-13).
-229
Let t(h) = 497*h**2 - 107*h - 109. Give t(-1).
495
Let y(b) = b**3 + 194*b**2 + 3628*b + 1000. Determine y(-173).
1865
Let d(o) = o**3 - 146*o**2 + 5074*o - 264. Determine d(89).
-175
Let w(i) = -i**2 - 188296*i - 753167. Give w(-4).
1
Let u(m) = -13*m**3 - 273*m**2 - 1197*m - 156. What is u(-6)?
6
Let n(y) = 4*y**2 - 82*y - 1874. Calculate n(-14).
58
Let p(q) = -q**2 + 3130*q - 25054. Determine p(8).
-78
Let d(r) = -317129*r - 634267. Calculate d(-2).
-9
Let b(i) = 110*i**2 + 11980*i - 359. Calculate b(-109).
731
Let v(w) = 20759*w - 39898808. What is v(1922)?
-10
Let u(n) = 31*n**3 + 518*n**2 - 170*n - 287. Calculate u(-17).
2
Let t(z) = -29484*z - 501215. What is t(-17)?
13
Let w(z) = -13*z**3 + 1588*z**2 - 233*z - 897. Determine w(122).
445
Let y(v) = 6*v**3 - 1702*v**2 - 570*v + 564. Calculate y(284).
-4
Let i(j) = -156*j + 10215. What is i(52)?
2103
Let c(a) = -3*a**3 + 80*a**2 + 687*a - 14035. Calculate c(29).
1
Let n(y) = 6*y**2 + 345*y - 74730. Give n(-144).
6
Let y(i) = -129*i**3 - 6*i**2 - 162*i + 168. Give y(1).
-129
Let y(h) = 580*h + 134319. What is y(-232)?
-241
Let w(x) = -x**3 + 60*x**2 + 420*x + 3281. Calculate w(67).
-2
Let o(t) = 749*t - 30610. What is o(39)?
-1399
Let r(h) = h**3 - 6*h**2 - 1159*h + 12223. Give r(11).
79
Let m(f) = f**3 - 235*f**2 - 2158*f - 9201. Calculate m(244).
71
Let y(b) = -b**3 - 8*b**2 + 30*b + 168. Give y(-8).
-72
Let z(u) = 2*u**2 + 11683*u - 541653. Calculate z(46).
-3
Let g(d) = 770*d - 53223. Determine g(69).
-93
Let j(w) = 5097*w - 96933. Give j(19).
-90
Let r(y) = -y**3 + 338*y**2 + 15960*y + 5. Determine r(380).
5
Let q(b) = 70*b - 3150. Give q(71).
1820
Let m(a) = 87735*a - 2017906. Calculate m(23).
-1
Let p(u) = 596*u**2 - 1242*u + 71. Determine p(2).
-29
Let w(y) = -11*y**2 + 131*y + 311. Calculate w(-2).
5
Let n(x) = -6*x**2 - 517*x - 8938. Determine n(-24).
14
Let w(l) = -171*l + 1215. Determine w(8).
-153
Let z(o) = -o**3 - 9*o**2 + 4409*o + 44004. What is z(-10)?
14
Let u(j) = 2058*j - 43197. Determine u(21).
21
Let q(s) = -32*s - 745. Give q(-30).
215
Let g(z) = -30727*z - 1013887. Give g(-33).
104
Let y(p) = -168723*p - 1687158. Give y(-10).
72
Let z(u) = -3467*u - 107470. Give z(-31).
7
Let d(l) = 5*l**3 + 15*l**2 + 31*l + 6. Calculate d(-3).
-87
Let u(m) = m**3 - 35*m**2 - 31*m + 1596. What is u(7)?
7
Let x(d) = -4*d**2 + 67*d - 382. Give x(16).
-334
Let d(o) = -14*o**3 - 6*o**2 - 25*o + 11. Give d(4).
-1081
Let h(g) = 757*g**3 - 2276*g**2 + 33*g - 24. Determine h(3).
30
Let k(q) = -q**3 + 398*q**2 - 13694*q + 5075. Give k(360).
35
Let y(p) = -42*p - 4118. Calculate y(-108).
418
Let v(x) = 8*x**2 - 45*x + 6. Give v(0).
6
Let k(u) = -u**3 - u**2 - 836*u + 4266. What is k(5)?
-64
Let v(b) = -2*b**2 - 4534*b - 76583. Calculate v(-17).
-83
Let w(d) = 228*d**2 + 2054*d + 1. Calculate w(-9).
-17
Let p(k) = -5*k**2 - 340*k - 5544. Determine p(-43).
-169
Let c(m) = 12852*m - 282786. Calculate c(22).
-42
Let x(r) = -478134*r + 3346915. Calculate x(7).
-23
Let g(f) = 38*f**2 + 26*f + 26. What is g(-1)?
38
Let r(o) = -4*o**2 - 217*o - 2889. Give r(-35).
-194
Let o(g) = -g**3 + 7*g**2 + 14199*g - 183600. Give o(13).
-27
Let q(m) = -m**3 + 22*m**2 + 85*m - 2578. Give q(16).
318
Let g(f) = -693*f**2 - 132370*f 